 is the hundreds digit of 1/(-4) - (1347/(-12) + l)?
1
Suppose 3*o = -2*y + 1326 - 131, 0 = 2*o - y - 799. Let c = o + -122. What is the units digit of c?
7
Let i = -947 + 758. Suppose -5*k - 256 = -s, -2*s + k + 625 = 86. Let u = s + i. What is the tens digit of u?
8
Let d = 21626 + -13722. What is the thousands digit of d?
7
Let q(n) = 5*n**2 + 5*n + 17. Let h(u) = -8*u - 46. Let r be h(-6). Suppose i + 7 = r*v, 0 = v - 0*v. What is the units digit of q(i)?
7
Let q(s) = 9*s**2 - 3*s + 49. Suppose 15 = -5*y - 20. What is the hundreds digit of q(y)?
5
Let z(u) = -2*u + 1. Let k be (-4)/(4 - 2/1). Let c be z(k). Suppose 3*b - c*b = -112. What is the tens digit of b?
5
Suppose 2*y - 3*y - 20*y + 24066 = 0. What is the units digit of y?
6
Let z(q) = 3*q**2 + 12*q + 15. Let a be z(-5). Suppose 8*c - a = 2*c. Suppose 0 = c*u - 378 - 212. What is the hundreds digit of u?
1
Suppose 0 = -4*y + 3*w + 3679, -30*y - 5*w - 924 = -31*y. Suppose -y = -4*i + 5*c, 3*i + 2*c = 122 + 573. What is the tens digit of i?
3
What is the hundreds digit of 6232356/1449*(-2 + (-3 - -12))?
1
Suppose -q = -141 - 93. Suppose 4*r + 22 - q = 0. What is the tens digit of r?
5
Let a be 2742 + 0*(-6)/(-18). Suppose 0 = -89*m + 92*m - a. What is the hundreds digit of m?
9
Suppose 0 = 2*n - 28*m + 24*m - 3302, 8297 = 5*n - 3*m. What is the tens digit of n?
6
Let v(o) = -17*o**3 + 4*o**2 - 11*o + 20. Let y be v(4). Let x = y + 1506. What is the units digit of x?
8
Let d be (-2324)/(-8) + -4 + (-3)/(-2). Suppose t - d = 312. What is the units digit of t?
0
Let s = 18465 + 7267. What is the hundreds digit of s?
7
Let g(j) = 46*j**2 - 27*j + 90. What is the units digit of g(7)?
5
Let d(y) be the first derivative of y**4/4 + 4*y**3 - 3*y**2 + 10*y - 8. Let t = 68 - 80. What is the units digit of d(t)?
2
Let n be 3/12 - -1*2052/48. Let k(l) = -l**2 - 2*l + 3. Let z be k(4). Let x = n + z. What is the tens digit of x?
2
Suppose 38103*g - 38115*g + 436020 = 0. What is the thousands digit of g?
6
Let q(a) be the second derivative of a**5/20 + 7*a**4/6 + 5*a**3 - 9*a**2/2 + 116*a. What is the units digit of q(-10)?
1
What is the ten thousands digit of 3 + 99*619 - (49 - 40)?
6
Suppose -3*z = -282 + 63. Let b = z - 69. Suppose 2*j - 328 = -0*j + b*y, 0 = -5*j + 3*y + 792. What is the tens digit of j?
5
Let m(g) be the third derivative of 0 + 1/120*g**6 - 2/15*g**5 + 7/6*g**3 + 31*g**2 + 0*g - 1/3*g**4. What is the hundreds digit of m(10)?
1
What is the thousands digit of (1 + (-2 - -15))/(4998/2498 - 2)?
7
What is the hundreds digit of (-3674706)/(-435) - 4/(-10)?
4
Suppose -4*k - 331230 = -15*k - 4*k. What is the hundreds digit of k?
0
Let a(j) = 7*j**2 + 11*j - 4*j - 5*j. Let t be a(1). Suppose -5*c + t = g + 1, 0 = -4*c - 5*g - 2. What is the units digit of c?
2
Let z(i) = i**3 - 34*i**2 - 33*i + 86. Suppose 0 = 3*u + 9, d - 146 = -3*d + 2*u. What is the hundreds digit of z(d)?
1
Let f be 9/27*12/(-2). Let w(l) = -26*l + 20*l - 3 - 25*l - 2*l. What is the units digit of w(f)?
3
Suppose -3*o = 2*h - 249 - 279, -3*o = -h - 519. Suppose -2*t + 5*t - 393 = -5*c, 4*c - 332 = 2*t. Suppose -c = -r + o. What is the units digit of r?
5
Let l(h) = -2*h - 6*h + h - 5*h + 9. Let j be l(-3). What is the tens digit of (477/j)/(2/10)?
5
What is the units digit of ((-92448)/(-14))/(10880/(-280) + 39)?
4
What is the thousands digit of (70872/(-9))/((-3)/(-8) + (-125)/120)?
1
Let w = -247 + 75. Suppose 5*n = 20*n + 1530. Let s = n - w. What is the units digit of s?
0
Let x = -3 - -32. Let w = x - 20. What is the tens digit of (-2)/(-1) + (w - -53)?
6
Let u = -784 + 285. Let j = -38 - u. What is the hundreds digit of j?
4
What is the hundreds digit of 2446 + ((-125)/(-25))/(10/12)?
4
Let h(b) = 3*b**3 - b**2 - 13*b + 6. Let v(k) = -k**3 - 2*k**2 + 11*k - 14. Let f be v(-5). What is the tens digit of h(f)?
4
Let g = -19777 + 28968. What is the units digit of g?
1
Suppose g + o - 4721 = 0, -145*g + 148*g - o - 14163 = 0. What is the hundreds digit of g?
7
What is the hundreds digit of 6*(383144/48 - 2)?
8
Let q(m) = -m**3 + m**2 - 8*m - 29. Let t be q(-7). Let x = t + 250. What is the hundreds digit of x?
6
Let v = 12 - 8. Suppose 3*p + v*h - 6746 = -1381, -5*p = 3*h - 8960. What is the hundreds digit of p?
7
Let h(s) = -s**3 - 3*s**2 - 4*s + 1. Let k be h(-3). Suppose 3*t - 3*o = 21, -9*t = -8*t + 3*o + k. What is the tens digit of -106*(-12)/16*t?
5
Suppose l - 5*x = 27, -20 = -0*x + 4*x. Suppose 3*o - 3196 = 4*s, 0 = o - l*o + 2*s + 1062. What is the hundreds digit of o?
0
Let q = -13676 - -63528. What is the tens digit of q?
5
Suppose -116*v + 115*v = 2*t - 976, -5*v - 4*t + 4862 = 0. What is the units digit of v?
0
Let f(c) = -c**3 + 17*c**2 - 16*c - 31. Let x be f(15). Suppose 9*u = 1187 - x. What is the tens digit of u?
1
Let u = 53 - 55. Let p be u + 3/1 + 8946/(-18). Let o = p + 738. What is the tens digit of o?
4
Suppose -276 = 4*m - 788. Suppose 2*d + 6*d = m. Suppose -d*n + 532 = -12*n. What is the units digit of n?
3
Let f(l) = 2*l + 27. Let n(r) = 5*r + 54. Let v(g) = -7*f(g) + 4*n(g). Suppose j - 37 = -3*u - 10, 5*j - 5*u - 35 = 0. What is the tens digit of v(j)?
9
Let k = 16511 - -28479. What is the ten thousands digit of k?
4
Suppose 0 = -6*k - 15*k + 42. What is the units digit of 374/(-33)*(-39)/k?
1
Suppose -t + 949 + 5453 = 0. What is the units digit of t?
2
Let o = 234 + 9294. What is the units digit of o?
8
What is the hundreds digit of (1/6)/(47/1038606)?
6
Suppose -1815 = -5*x - 345. Let n = x - 203. What is the tens digit of n?
9
Let m(f) = 126*f**3 - 16*f**2 + 24*f - 28. What is the units digit of m(5)?
2
Let v be (-103 + -1)/(3 + 1096/(-360)). Suppose -30*q = -39*q + v. What is the hundreds digit of q?
2
Suppose 3*q - 4*q = o - 108, o = 5*q + 108. Suppose 7*a - 591 = -o. What is the tens digit of a?
6
Suppose 5*n - 17*n + 21732 = 0. Let f = 2684 - n. What is the hundreds digit of f?
8
Let d = -235 - -372. What is the units digit of d?
7
Let m = 6779 + -3046. What is the hundreds digit of m?
7
Let g(x) = -20 + 9*x**2 - 4*x**2 - 3*x + 8 + 48*x**3 - 51*x**3. Let d be g(-5). Suppose 7*b + d = 1742. What is the hundreds digit of b?
1
Let r = -1817 + 1953. What is the tens digit of r?
3
Let u = 8905 + -4963. What is the thousands digit of u?
3
Suppose 15*d = -8*d + 230. What is the tens digit of d/(-4) - ((-12130)/20 - -4)?
0
Let s = -621 + 625. Let a(x) = 2*x**3 + x**2 + 4*x + 5. What is the hundreds digit of a(s)?
1
Let o(w) = -84*w - 111. Let d = -199 - -192. What is the tens digit of o(d)?
7
Let l = -65 - -65. Suppose l = 3*m + 138 - 105. Let j(i) = -i**3 - 9*i**2 + 6*i. What is the tens digit of j(m)?
7
Let w be 0/(4 + -5 + 0). Suppose 0*g - g - 5*x + 22 = w, -x = -2*g. Suppose -p + 29 = 5*h, g*h = -6*p + 3*p + 87. What is the tens digit of p?
2
Let g be 131*(-11 - 0)*-1. Let v = 440 + g. What is the hundreds digit of v?
8
Let l be (0 - 156)*(-3 + 2). Suppose -4*g + 16 = 0, 3*u - 5*g = -10*g - 229. Let w = u + l. What is the tens digit of w?
7
Let h(l) = -l**3 - l**2 - 2*l - 3. Let t be h(-2). Let s be 1/t - 484/(-55). Suppose 4*p = s*p - 450. What is the tens digit of p?
9
Let i = -74 + 153. Suppose -3*q + i = -4*o + 9*o, -4*q + 107 = 5*o. Suppose -q = -18*j + 16*j. What is the tens digit of j?
1
Let s(n) = 20*n - 185. Let i be s(9). What is the hundreds digit of i*(-5)/(10/528)?
3
Let t(n) = 35*n - 6. Suppose -2*g = 5*z - 12, 3*z - 4*g = -3*g + 16. Let c be t(z). Suppose 477 = 3*a + 2*j, -c = -a - j + 26. What is the hundreds digit of a?
1
Let p be -18 - -1 - ((-5 - 3) + 4). Let k = 27 - p. Suppose -2*j = 3*o - 63, -k = -2*j - 5*o + 21. What is the units digit of j?
3
Suppose -8*d + 13*d = -4*u + 58619, 11*d + 55 = 0. What is the thousands digit of u?
4
Suppose -y = -3*m - 19, 4*m + 2 + 2 = -4*y. Suppose 2 - 27 = 5*n + 4*z, 9 = -4*n - z. What is the hundreds digit of (y/(-1 + n))/(4/(-366))?
1
Suppose 1365*f - 1367*f = -24892. What is the tens digit of f?
4
Let d(q) = -141*q + 60. Let g(z) = -47*z + 20. Let b(o) = 2*d(o) - 7*g(o). What is the units digit of b(10)?
0
What is the hundreds digit of 342948/(-240)*-2 - ((-62)/20 - -3)?
8
Suppose 90124 + 2962 = 14*q. What is the thousands digit of q?
6
Suppose -93*t = -45*t - 43*t - 402545. What is the hundreds digit of t?
5
Let c